{"id":478,"date":"2018-03-28T00:10:41","date_gmt":"2018-03-27T22:10:41","guid":{"rendered":"http:\/\/guihard-construction.fr\/?page_id=478"},"modified":"2018-03-28T00:16:07","modified_gmt":"2018-03-27T22:16:07","slug":"visite-dusine","status":"publish","type":"page","link":"https:\/\/guihard-construction.fr\/?page_id=478","title":{"rendered":"Visite d&rsquo;usine"},"content":{"rendered":"<figure id=\"attachment_307\" aria-describedby=\"caption-attachment-307\" style=\"width: 1652px\" class=\"wp-caption alignleft\"><img loading=\"lazy\" class=\"wp-image-307 size-full\" src=\"http:\/\/guihard-construction.fr\/wp-content\/uploads\/2018\/01\/20171103_120556.jpg\" alt=\"\" width=\"1652\" height=\"1239\" srcset=\"https:\/\/guihard-construction.fr\/wp-content\/uploads\/2018\/01\/20171103_120556.jpg 1652w, https:\/\/guihard-construction.fr\/wp-content\/uploads\/2018\/01\/20171103_120556-300x225.jpg 300w, https:\/\/guihard-construction.fr\/wp-content\/uploads\/2018\/01\/20171103_120556-768x576.jpg 768w, https:\/\/guihard-construction.fr\/wp-content\/uploads\/2018\/01\/20171103_120556-1024x768.jpg 1024w\" sizes=\"(max-width: 767px) 89vw, (max-width: 1000px) 54vw, (max-width: 1071px) 543px, 580px\" \/><figcaption id=\"caption-attachment-307\" class=\"wp-caption-text\">Les \u00e9quipes de GUIHARD CONSTRUCTION en visite chez BOUYER LEROUX<\/figcaption><\/figure>\n<p><strong>Visite de l&rsquo;usine Bouyer Leroux \u00e0 La S\u00e9guini\u00e8re (49)<\/strong><\/p>\n<p>Cette rencontre avait pour objectif de sensibiliser et de former l&rsquo;\u00e9quipe de GUIHARD CONSTRUCTION \u00e0 l&rsquo;utilisation de nouveaux mat\u00e9riaux et aux nouvelles techniques de pose.<\/p>\n<p>Merci \u00e0 Steve et Philippe pour leur accueil ainsi qu&rsquo;\u00e0 Fran\u00e7ois pour son accompagnement.<\/p>\n","protected":false},"excerpt":{"rendered":"<p>Visite de l&rsquo;usine Bouyer Leroux \u00e0 La S\u00e9guini\u00e8re (49) Cette rencontre avait pour objectif de sensibiliser et de former l&rsquo;\u00e9quipe de GUIHARD CONSTRUCTION \u00e0 l&rsquo;utilisation de nouveaux mat\u00e9riaux et aux nouvelles techniques de pose. Merci \u00e0 Steve et Philippe pour leur accueil ainsi qu&rsquo;\u00e0 Fran\u00e7ois pour son accompagnement.<\/p>\n","protected":false},"author":1,"featured_media":0,"parent":187,"menu_order":4,"comment_status":"closed","ping_status":"closed","template":"","meta":[],"_links":{"self":[{"href":"https:\/\/guihard-construction.fr\/index.php?rest_route=\/wp\/v2\/pages\/478"}],"collection":[{"href":"https:\/\/guihard-construction.fr\/index.php?rest_route=\/wp\/v2\/pages"}],"about":[{"href":"https:\/\/guihard-construction.fr\/index.php?rest_route=\/wp\/v2\/types\/page"}],"author":[{"embeddable":true,"href":"https:\/\/guihard-construction.fr\/index.php?rest_route=\/wp\/v2\/users\/1"}],"replies":[{"embeddable":true,"href":"https:\/\/guihard-construction.fr\/index.php?rest_route=%2Fwp%2Fv2%2Fcomments&post=478"}],"version-history":[{"count":6,"href":"https:\/\/guihard-construction.fr\/index.php?rest_route=\/wp\/v2\/pages\/478\/revisions"}],"predecessor-version":[{"id":486,"href":"https:\/\/guihard-construction.fr\/index.php?rest_route=\/wp\/v2\/pages\/478\/revisions\/486"}],"up":[{"embeddable":true,"href":"https:\/\/guihard-construction.fr\/index.php?rest_route=\/wp\/v2\/pages\/187"}],"wp:attachment":[{"href":"https:\/\/guihard-construction.fr\/index.php?rest_route=%2Fwp%2Fv2%2Fmedia&parent=478"}],"curies":[{"name":"wp","href":"https:\/\/api.w.org\/{rel}","templated":true}]}}