{"id":193,"date":"2017-10-11T15:17:56","date_gmt":"2017-10-11T13:17:56","guid":{"rendered":"http:\/\/guihard-construction.fr\/?page_id=193"},"modified":"2018-03-27T23:39:08","modified_gmt":"2018-03-27T21:39:08","slug":"que-deviennent-nos-dechets","status":"publish","type":"page","link":"https:\/\/guihard-construction.fr\/?page_id=193","title":{"rendered":"Que deviennent nos d\u00e9chets ?"},"content":{"rendered":"<p>Dans un respect environnemental, l\u2019entreprise GUIHARD CONSTRUCTION a confi\u00e9 la gestion du traitement de ses d\u00e9chets \u00e0 la soci\u00e9t\u00e9 <a href=\"http:\/\/www.gld-environnement.com\/\">GLD ENVIRONNEMENT.<\/a><\/p>\n<p>&nbsp;<\/p>\n","protected":false},"excerpt":{"rendered":"<p>Dans un respect environnemental, l\u2019entreprise GUIHARD CONSTRUCTION a confi\u00e9 la gestion du traitement de ses d\u00e9chets \u00e0 la soci\u00e9t\u00e9 GLD ENVIRONNEMENT. &nbsp;<\/p>\n","protected":false},"author":1,"featured_media":0,"parent":0,"menu_order":0,"comment_status":"closed","ping_status":"closed","template":"","meta":[],"_links":{"self":[{"href":"https:\/\/guihard-construction.fr\/index.php?rest_route=\/wp\/v2\/pages\/193"}],"collection":[{"href":"https:\/\/guihard-construction.fr\/index.php?rest_route=\/wp\/v2\/pages"}],"about":[{"href":"https:\/\/guihard-construction.fr\/index.php?rest_route=\/wp\/v2\/types\/page"}],"author":[{"embeddable":true,"href":"https:\/\/guihard-construction.fr\/index.php?rest_route=\/wp\/v2\/users\/1"}],"replies":[{"embeddable":true,"href":"https:\/\/guihard-construction.fr\/index.php?rest_route=%2Fwp%2Fv2%2Fcomments&post=193"}],"version-history":[{"count":7,"href":"https:\/\/guihard-construction.fr\/index.php?rest_route=\/wp\/v2\/pages\/193\/revisions"}],"predecessor-version":[{"id":462,"href":"https:\/\/guihard-construction.fr\/index.php?rest_route=\/wp\/v2\/pages\/193\/revisions\/462"}],"wp:attachment":[{"href":"https:\/\/guihard-construction.fr\/index.php?rest_route=%2Fwp%2Fv2%2Fmedia&parent=193"}],"curies":[{"name":"wp","href":"https:\/\/api.w.org\/{rel}","templated":true}]}}